7759.
3, 19, 487
What are the prime factors of 2023?
7, 17
What are the prime factors of 30034?
2, 15017
What are the prime factors of 1705?
5, 11, 31
What are the prime factors of 6300?
2, 3, 5, 7
List the prime factors of 2610.
2, 3, 5, 29
List the prime factors of 578.
2, 17
List the prime factors of 2900.
2, 5, 29
What are the prime factors of 19012?
2, 7, 97
What are the prime factors of 24307?
109, 223
What are the prime factors of 181555?
5, 11, 3301
List the prime factors of 7408.
2, 463
List the prime factors of 60224.
2, 941
List the prime factors of 146646.
2, 3, 8147
List the prime factors of 107497.
13, 8269
What are the prime factors of 1564?
2, 17, 23
List the prime factors of 42858.
2, 3, 2381
What are the prime factors of 1715?
5, 7
List the prime factors of 1438.
2, 719
What are the prime factors of 3863?
3863
List the prime factors of 2778.
2, 3, 463
List the prime factors of 24979.
24979
What are the prime factors of 444?
2, 3, 37
What are the prime factors of 1069?
1069
List the prime factors of 76086.
2, 3, 1409
What are the prime factors of 103737?
3, 151, 229
List the prime factors of 41740.
2, 5, 2087
What are the prime factors of 607?
607
What are the prime factors of 6516?
2, 3, 181
List the prime factors of 1206.
2, 3, 67
What are the prime factors of 1435?
5, 7, 41
What are the prime factors of 536?
2, 67
List the prime factors of 11817.
3, 13, 101
List the prime factors of 42209.
42209
What are the prime factors of 14351?
113, 127
List the prime factors of 54757.
17, 3221
List the prime factors of 1109.
1109
List the prime factors of 1355.
5, 271
What are the prime factors of 4437?
3, 17, 29
List the prime factors of 430.
2, 5, 43
List the prime factors of 25999.
25999
What are the prime factors of 51941?
51941
List the prime factors of 1255.
5, 251
What are the prime factors of 504?
2, 3, 7
List the prime factors of 1168.
2, 73
What are the prime factors of 20081?
43, 467
List the prime factors of 1107.
3, 41
What are the prime factors of 894?
2, 3, 149
List the prime factors of 10484.
2, 2621
What are the prime factors of 82338?
2, 3, 13723
List the prime factors of 8074.
2, 11, 367
What are the prime factors of 3759?
3, 7, 179
What are the prime factors of 105?
3, 5, 7
List the prime factors of 5460.
2, 3, 5, 7, 13
List the prime factors of 3438.
2, 3, 191
What are the prime factors of 1186?
2, 593
List the prime factors of 1188.
2, 3, 11
List the prime factors of 4635.
3, 5, 103
What are the prime factors of 35599?
97, 367
List the prime factors of 1022.
2, 7, 73
List the prime factors of 37065.
3, 5, 7, 353
List the prime factors of 30838.
2, 17, 907
What are the prime factors of 61311?
3, 107, 191
What are the prime factors of 51473?
51473
What are the prime factors of 10476?
2, 3, 97
List the prime factors of 2532.
2, 3, 211
What are the prime factors of 3577?
7, 73
What are the prime factors of 970?
2, 5, 97
List the prime factors of 1839.
3, 613
List the prime factors of 2088.
2, 3, 29
What are the prime factors of 1455?
3, 5, 97
List the prime factors of 9465.
3, 5, 631
What are the prime factors of 15141?
3, 7, 103
What are the prime factors of 48989?
48989
What are the prime factors of 5455?
5, 1091
What are the prime factors of 10322?
2, 13, 397
What are the prime factors of 35213?
23, 1531
What are the prime factors of 1069?
1069
What are the prime factors of 100?
2, 5
What are the prime factors of 901?
17, 53
List the prime factors of 3455.
5, 691
What are the prime factors of 145780?
2, 5, 37, 197
List the prime factors of 3209.
3209
What are the prime factors of 2206?
2, 1103
List the prime factors of 354.
2, 3, 59
What are the prime factors of 17809?
11, 1619
What are the prime factors of 117719?
7, 67, 251
List the prime factors of 1510.
2, 5, 151
What are the prime factors of 3975?
3, 5, 53
What are the prime factors of 2661?
3, 887
List the prime factors of 30108.
2, 3, 13, 193
What are the prime factors of 2721?
3, 907
What are the prime factors of 5051?
5051
List the prime factors of 713.
23, 31
List the prime factors of 30007.
37, 811
What are the prime factors of 131060?
2, 5, 6553
What are the prime factors of 16929?
3, 11, 19
List the prime factors of 11740.
2, 5, 587
List the prime factors of 3163.
3163
List the prime factors of 1321.
1321
What are the prime factors of 1738?
2, 11, 79
What are the prime factors of 999?
3, 37
List the prime factors of 1429.
1429
What are the prime factors of 6018?
2, 3, 17, 59
List the prime factors of 27650.
2, 5, 7, 79
What are the prime factors of 1076?
2, 269
List the prime factors of 21057.
3, 7019
What are the prime factors of 1693?
1693
List the prime factors of 13103.
13103
What are the prime factors of 21401?
21401
List the prime factors of 21226.
2, 10613
List the prime factors of 2001.
3, 23, 29
What are the prime factors of 19820?
2, 5, 991
What are the prime factors of 1806?
2, 3, 7, 43
What are the prime factors of 46252?
2, 31, 373
What are the prime factors of 13682?
2, 6841
What are the prime factors of 35039?
37, 947
List the prime factors of 7980.
2, 3, 5, 7, 19
List the prime factors of 6007.
6007
List the prime factors of 2126.
2, 1063
What are the prime factors of 1160?
2, 5, 29
What are the prime factors of 44270?
2, 5, 19, 233
List the prime factors of 87379.
59, 1481
List the prime factors of 498.
2, 3, 83
List the prime factors of 4160.
2, 5, 13
What are the prime factors of 10726?
2, 31, 173
What are the prime factors of 594?
2, 3, 11
What are the prime factors of 1616?
2, 101
What are the prime factors of 126420?
2, 3, 5, 7, 43
List the prime factors of 6381.
3, 709
What are the prime factors of 6567?
3, 11, 199
What are the prime factors of 166?
2, 83
What are the prime factors of 1005?
3, 5, 67
What are the prime factors of 3167?
3167
List the prime factors of 1055.
5, 211
What are the prime factors of 4778?
2, 2389
What are the prime factors of 99436?
2, 24859
List the prime factors of 16055.
5, 13, 19
List the prime factors of 13504.
2, 211
What are the prime factors of 2132?
2, 13, 41
List the prime factors of 45523.
45523
List the prime factors of 44618.
2, 7, 3187
What are the prime factors of 1223?
1223
List the prime factors of 7191.
3, 17, 47
What are the prime factors of 754?
2, 13, 29
What are the prime factors of 10368?
2, 3
List the prime factors of 60.
2, 3, 5
What are the prime factors of 1116?
2, 3, 31
What are the prime factors of 9027?
3, 17, 59
List the prime factors of 565.
5, 113
What are the prime factors of 12?
2, 3
What are the prime factors of 129?
3, 43
List the prime factors of 5416.
2, 677
What are the prime factors of 1083?
3, 19
List the prime factors of 24280.
2, 5, 607
What are the prime factors of 353?
353
List the prime factors of 33751.
33751
What are the prime factors of 135751?
7, 11, 41, 43
What are the prime factors of 1112?
2, 139
What are the prime factors of 129?
3, 43
What are the prime factors of 1121?
19, 59
What are the prime factors of 504?
2, 3, 7
List the prime factors of 630.
2, 3, 5, 7
What are the prime factors of 2914?
2, 31, 47
List the prime factors of 11898.
2, 3, 661
What are the prime factors of 814?
2, 11, 37
List the prime factors of 4385.
5, 877
List the prime factors of 13207.
47, 281
What are the prime factors of 7028?
2, 7, 251
What are the prime factors of 6285?
3, 5, 419
List the prime factors of 5999.
7, 857
What are the prime factors of 1990?
2, 5, 199
List the prime factors of 1708.
2, 7, 61
List the prime factors of 10540.
2, 5, 17, 31
List the prime factors of 20246.
2, 53, 191
List the prime factors of 1079.
13, 83
What are the prime factors of 509?
509
List the prime factors of 16706.
2, 8353
List the prime factors of 3397.
43, 79
What are the prime factors of 160298?
2, 80149
What are the prime factors of 740?
2, 5, 37
What are the prime factors of 15902?
2, 7951
What are the prime factors of 557?
557
What are the prime factors of 3003?
3, 7, 11, 13
List the prime factors of 13824.
2, 3
What are the prime factors of 1631?
7, 233
What are the prime factors of 1276?
2, 11, 29
What are the prime factors of 563?
563
List the prime factors of 3591.
3, 7, 19
List the prime factors of 27.
3
List the prime factors of 33048.
2, 3, 17
List the prime factors 